 14, what is 6d - -5?
74
In base 8, what is 5 + -745?
-740
In base 5, what is -3340 - 32?
-3422
In base 12, what is -3b1 + 1?
-3b0
In base 15, what is 56 - -c?
63
In base 10, what is 179 - 22?
157
In base 13, what is -10 - -15?
5
In base 15, what is 67 - -65?
cc
In base 6, what is 2 + -213?
-211
In base 3, what is 2110002 + 21?
2110100
In base 11, what is 0 - -115?
115
In base 8, what is -25 + 102?
55
In base 11, what is 1 - -37?
38
In base 12, what is -2 - 1a?
-20
In base 6, what is -21 - 23?
-44
In base 14, what is 1 - -9?
a
In base 5, what is -2101 + -1?
-2102
In base 15, what is -3 + e86?
e83
In base 11, what is 0 - 14?
-14
In base 16, what is 72 - -5?
77
In base 5, what is -10443 - 10?
-11003
In base 15, what is -36 + 28?
-d
In base 8, what is 735 - 5?
730
In base 14, what is -13 - -22?
d
In base 8, what is -157 + 20?
-137
In base 12, what is -2 - -83?
81
In base 16, what is -4 + -281?
-285
In base 12, what is 15 + -2?
13
In base 8, what is -11 - 14?
-25
In base 15, what is -4254 + 2?
-4252
In base 3, what is -1021 - -1?
-1020
In base 3, what is -11122122 - 12?
-11122211
In base 11, what is 277 + 4?
280
In base 12, what is 39 + -8?
31
In base 8, what is -3 - 3140?
-3143
In base 10, what is -1276 + 3?
-1273
In base 13, what is -2 - 471?
-473
In base 8, what is -1 + 227?
226
In base 11, what is -17 - -4?
-13
In base 15, what is 6 + 1d1?
1d7
In base 10, what is 1257 - 1?
1256
In base 8, what is -6 + -327?
-335
In base 4, what is -3 - 11120?
-11123
In base 14, what is -3c - 5?
-43
In base 8, what is 7656 - -1?
7657
In base 3, what is -11210 - -22?
-11111
In base 8, what is -4 - -11014?
11010
In base 5, what is -1232 + 1104?
-123
In base 2, what is 10 + 101111?
110001
In base 7, what is -14 - -535?
521
In base 4, what is -2020313 - 2?
-2020321
In base 15, what is -7b + -65?
-e1
In base 6, what is -153 + -11?
-204
In base 14, what is 62c - 1?
62b
In base 10, what is 1380 + -3?
1377
In base 3, what is 2 + -2200011?
-2200002
In base 2, what is -10001 + -100100100?
-100110101
In base 5, what is -2030 - 2?
-2032
In base 11, what is -8 + 72?
65
In base 4, what is 10 + -2?
2
In base 12, what is -4 - -21?
19
In base 5, what is 21011 - -1?
21012
In base 16, what is -6 - -23?
1d
In base 10, what is -16 + -22?
-38
In base 13, what is 2 - -34?
36
In base 13, what is a + 38?
45
In base 2, what is 101000010 - -1000?
101001010
In base 3, what is -12211 - 201?
-20112
In base 3, what is -2 + 1001002?
1001000
In base 5, what is 43 - -143?
241
In base 3, what is -11001 + 12?
-10212
In base 5, what is 102443 - 3?
102440
In base 7, what is 111 - -2?
113
In base 15, what is 5 - -c8?
cd
In base 10, what is -1 - -622?
621
In base 15, what is -51 + -105?
-156
In base 8, what is -5 - -2374?
2367
In base 7, what is 2 + 231?
233
In base 7, what is 201 + 5?
206
In base 7, what is 103 - -3?
106
In base 14, what is -73 + -6?
-79
In base 8, what is -35 - -332?
275
In base 13, what is 5 + 2b?
33
In base 11, what is -102 + 4?
-a9
In base 13, what is 14 - 14?
0
In base 2, what is 0 - 101000110?
-101000110
In base 14, what is 1558 + -2?
1556
In base 15, what is -28 - -26?
-2
In base 10, what is -528 - 6?
-534
In base 12, what is -5 - 553?
-558
In base 14, what is 34 + -81?
-4b
In base 2, what is 1 - 1011001100?
-1011001011
In base 12, what is 3 + 3056?
3059
In base 15, what is 4 + -ab?
-a7
In base 2, what is -11 - -101010111010?
101010110111
In base 12, what is -21 - -19?
-4
In base 11, what is 18 - -15?
32
In base 7, what is -5 - 660?
-665
In base 13, what is 3b - -3?
41
In base 16, what is -4 - 117?
-11b
In base 11, what is 24 + -80?
-57
In base 13, what is -443 + -5?
-448
In base 6, what is 1 - -101?
102
In base 15, what is -4 - -334?
330
In base 6, what is 30 + 2?
32
In base 15, what is -8 + 5?
-3
In base 2, what is -10111010 - -110000?
-10001010
In base 4, what is 100 - -111?
211
In base 15, what is -5 + 127?
122
In base 7, what is 5 + -3?
2
In base 4, what is -30 - -1203?
1113
In base 6, what is 21434 - -2?
21440
In base 2, what is -11000110001000 + -100?
-11000110001100
In base 5, what is 4 + -10021?
-10012
In base 6, what is 1 + -1024?
-1023
In base 2, what is 101 + -110100111?
-110100010
In base 2, what is -1 - 10001?
-10010
In base 13, what is 17a + 0?
17a
In base 13, what is -4 - -aa?
a6
In base 16, what is -8 - -47?
3f
In base 6, what is -10111 - 4?
-10115
In base 12, what is -280 - b?
-28b
In base 5, what is 21 - -20?
41
In base 12, what is -10 + 22?
12
In base 6, what is 4 - -2121?
2125
In base 8, what is -20 + -441?
-461
In base 14, what is 4 + 108?
10c
In base 5, what is 110 + -111?
-1
In base 9, what is 2 - 4862?
-4860
In base 16, what is -2bb - 0?
-2bb
In base 12, what is -327 + 4?
-323
In base 5, what is -10 - 20230?
-20240
In base 6, what is 0 - 2402?
-2402
In base 2, what is 1011001001 - 111?
1011000010
In base 9, what is -8 + 146?
137
In base 13, what is a0 + 0?
a0
In base 13, what is 4 + a1?
a5
In base 15, what is -4 - 2b?
-30
In base 10, what is -1 - 28?
-29
In base 10, what is 13 + -23?
-10
In base 2, what is -101 - -11010010?
11001101
In base 8, what is -101 - 10?
-111
In base 16, what is 2 + 35?
37
In base 9, what is -8301 + -5?
-8306
In base 16, what is 6 - 83?
-7d
In base 5, what is 4 + -12133?
-12124
In base 16, what is 16 - -1e1?
1f7
In base 4, what is -1013 + -31?
-1110
In base 12, what is -504 - 4?
-508
In base 16, what is 7 - 4?
3
In base 5, what is -4 + 34032?
34023
In base 3, what is 10 - -20?
100
In base 3, what is 10100 - 22?
10001
In base 16, what is bc8 - -1?
bc9
In base 6, what is 142 - 122?
20
In base 10, what is 335 - -4?
339
In base 7, what is 206 - 3?
203
In base 5, what is 2233 + -3?
2230
In base 8, what is 5 + 21?
26
In base 5, what is -41 - 2?
-43
In base 2, what is 100101 + 11101?
1000010
In base 4, what is -30 + 113022?
112332
In base 6, what is 55345 - 5?
55340
In base 5, what is 24 - -13?
42
In base 15, what is 2e - -67?
96
In base 6, what is 41 + 15?
100
In base 14, what is 1 + 3d?
40
In base 2, what is 101011111 + -100?
101011011
In base 8, what is -340 + 4?
-334
In base 14, what is 5 - 71?
-6a
In base 11, what is -5 - -1244?
123a
In base 5, what is -1300 - -3?
-1242
In base 10, what is 553 + 3?
556
In base 7, what is -3 - 53?
-56
In base 3, what is 10222002 + 12?
10222021
In base 2, what is 1001010 + -10101?
110101
In base 15, what is -4 - 2424?
-2428
In base 10, what is -37 + 17?
-20
In base 2, what is -100001100010001 + 0?
-100001100010001
In base 3, what is -11 + -120?
-201
In base 13, what is 1 - -4?
5
In base 5, what is -4 - 3?
-12
In base 12, what is -25 + -390?
-3b5
In base 2, what is 10110110 - -101?
10111011
In base 6, what is -251 + -1?
-252
In base 15, what is -c + 27?
1a
In base 13, what is -4 + 79?
75
In base 9, what is -715 - -1?
-714
In base 8, what is 16 + 1?
17
In base 15, what is -4 - 21?
-25
In base 7, what is 555 + -1?
554
In base 9, what is 47 + -1?
46
In base 2, what is -100000011 + 0?
-100000011
In base 5, what is 4 + 142?
201
In base 16, what is -eb - -5?
-e6
In base 4, what is -1 - 123?
-130
In base 4, what is -3 + -333?
-1002
In base 16, what is -4cd + 4?
-4c9
In base 12, what is 2 + 906?
908
In base 6, what is 305 - 13?
252
In base 3, what is 110111 - 0?
110111
In base 2, what is 100011100 + 111?
100100011
In base 10, what is 1416 + -2?
1414
In base 14, what is -56 + -16?
-6c
In base 13, what is -3a8 + 1?
-3a7
In base 5, what is -1 - -1140?
1134
In base 14, what is 3 + -29?
-26
In base 14, what is -19 - -39?
20
In base 7, what is -505 + 106?
-366
In base 3, what is 200001 + -1001?
122000
In base 12, what is 6 + -54?
-4a
In base 11, what is 49 - 6?
43
In base 9, what is 2 - 21?
-18
In base 14, what is -23 + -133?
-156
In base 11, what is -51 + -5a?
-100
In base 14, what is c - -62?
70
In base 6, what is 121 + -33?
44
In base 8, what is -3252 - -3?
-3247
In base 3, what is 10 - 1020012?
-1020002
In base 15, what is -4 - -146c?
1468
In base 16, what is 3 - -be4?
be7
In base 14, what is -5 + 0?
-5
In base 13, what is 8 - 1c?
-14
In base 2, what is 110000 + -11?
101101
In base 11, what is 13 - 2?
11
In base 3, what is 2 - -102102?
102111
In base 7, what is -5 + 63?
55
In base 15, what is 3 - 77?
-74
In base 6, what is 1451 + 14?
1505
In base 3, what is 120 + -1012?
-122
In base 5, what is -1133 - 4